{"id":736,"date":"2024-06-19T20:46:51","date_gmt":"2024-06-19T20:46:51","guid":{"rendered":"https:\/\/gmovilsas.com.co\/?page_id=736"},"modified":"2025-03-14T16:57:57","modified_gmt":"2025-03-14T16:57:57","slug":"patios-gmovil","status":"publish","type":"page","link":"https:\/\/gmovilsas.com.co\/index.php\/patios-gmovil\/","title":{"rendered":"Patios Gm\u00f3vil"},"content":{"rendered":"\t\t<div data-elementor-type=\"wp-page\" data-elementor-id=\"736\" class=\"elementor elementor-736\">\n\t\t\t\t<div class=\"elementor-element elementor-element-494707f e-con-full elementor-hidden-mobile e-flex e-con e-parent\" data-id=\"494707f\" data-element_type=\"container\">\n\t\t\t\t<div class=\"elementor-element elementor-element-08777f4 elementor-widget__width-inherit elementor-widget elementor-widget-image\" data-id=\"08777f4\" data-element_type=\"widget\" data-widget_type=\"image.default\">\n\t\t\t\t<div class=\"elementor-widget-container\">\n\t\t\t\t\t\t\t\t\t\t\t\t\t\t\t<img fetchpriority=\"high\" decoding=\"async\" width=\"800\" height=\"235\" src=\"https:\/\/gmovilsas.com.co\/wp-content\/uploads\/2024\/10\/Banners-plataforma-gmo\u0301vil-1.png\" class=\"attachment-large size-large wp-image-1073\" alt=\"\" \/>\t\t\t\t\t\t\t\t\t\t\t\t\t\t\t<\/div>\n\t\t\t\t<\/div>\n\t\t\t\t<\/div>\n\t\t<div class=\"elementor-element elementor-element-c94665a e-con-full elementor-hidden-desktop elementor-hidden-tablet e-flex e-con e-parent\" data-id=\"c94665a\" data-element_type=\"container\">\n\t\t\t\t<div class=\"elementor-element elementor-element-9c2fedc elementor-widget__width-inherit elementor-hidden-desktop elementor-hidden-tablet elementor-widget elementor-widget-image\" data-id=\"9c2fedc\" data-element_type=\"widget\" data-widget_type=\"image.default\">\n\t\t\t\t<div class=\"elementor-widget-container\">\n\t\t\t\t\t\t\t\t\t\t\t\t\t\t\t<img decoding=\"async\" width=\"633\" height=\"1024\" src=\"https:\/\/gmovilsas.com.co\/wp-content\/uploads\/2025\/01\/Banner_mobile_patios-1.png\" class=\"attachment-large size-large wp-image-2102\" alt=\"\" \/>\t\t\t\t\t\t\t\t\t\t\t\t\t\t\t<\/div>\n\t\t\t\t<\/div>\n\t\t\t\t<\/div>\n\t\t<div class=\"elementor-element elementor-element-41ddc1d e-con-full e-flex e-con e-parent\" data-id=\"41ddc1d\" data-element_type=\"container\">\n\t\t\t\t<div class=\"elementor-element elementor-element-4292740 elementor-widget__width-inherit elementor-hidden-desktop elementor-hidden-tablet elementor-widget elementor-widget-image\" data-id=\"4292740\" data-element_type=\"widget\" data-widget_type=\"image.default\">\n\t\t\t\t<div class=\"elementor-widget-container\">\n\t\t\t\t\t\t\t\t\t\t\t\t\t\t\t<img decoding=\"async\" src=\"https:\/\/gmovilsas.com.co\/wp-content\/uploads\/2025\/01\/Banner_mobile_patios.png\" title=\"\" alt=\"\" loading=\"lazy\" \/>\t\t\t\t\t\t\t\t\t\t\t\t\t\t\t<\/div>\n\t\t\t\t<\/div>\n\t\t\t\t<\/div>\n\t\t<div class=\"elementor-element elementor-element-3b948e8 e-con-full e-flex e-con e-parent\" data-id=\"3b948e8\" data-element_type=\"container\">\n\t\t\t\t<div class=\"elementor-element elementor-element-a5e18ca elementor-widget elementor-widget-text-editor\" data-id=\"a5e18ca\" data-element_type=\"widget\" data-widget_type=\"text-editor.default\">\n\t\t\t\t<div class=\"elementor-widget-container\">\n\t\t\t\t\t\t\t\t\t<p style=\"text-align: center;\">\u00bfSabes donde est\u00e1n ubicadas\u00a0<span style=\"color: #92d400;\">nuestras instalaciones?<\/span><\/p>\t\t\t\t\t\t\t\t<\/div>\n\t\t\t\t<\/div>\n\t\t\t\t<div class=\"elementor-element elementor-element-eb73d43 elementor-widget elementor-widget-text-editor\" data-id=\"eb73d43\" data-element_type=\"widget\" data-widget_type=\"text-editor.default\">\n\t\t\t\t<div class=\"elementor-widget-container\">\n\t\t\t\t\t\t\t\t\t<h6>En Gm\u00f3vil, operamos desde cuatro patios estrat\u00e9gicamente ubicados en las localidades de <b>Engativ\u00e1 <\/b>y <b>Fontib\u00f3n<\/b>. Tres de ellos son<span style=\"color: #4abcff;\"> <b>patios zonales<\/b><\/span>, mientras que el <strong>Patio Troncal<\/strong> se encarga de coordinar las rutas principales de la troncal.<\/h6><h6>A continuaci\u00f3n, te invitamos a conocer la ubicaci\u00f3n de cada uno de nuestros patios.<\/h6>\t\t\t\t\t\t\t\t<\/div>\n\t\t\t\t<\/div>\n\t\t\t\t<\/div>\n\t\t<div class=\"elementor-element elementor-element-9f05ca9 e-flex e-con-boxed e-con e-parent\" data-id=\"9f05ca9\" data-element_type=\"container\">\n\t\t\t\t\t<div class=\"e-con-inner\">\n\t\t<div class=\"elementor-element elementor-element-bc6f441 e-con-full e-flex e-con e-child\" data-id=\"bc6f441\" data-element_type=\"container\">\n\t\t\t\t<div class=\"elementor-element elementor-element-dfd322f elementor-widget elementor-widget-google_maps\" data-id=\"dfd322f\" data-element_type=\"widget\" data-widget_type=\"google_maps.default\">\n\t\t\t\t<div class=\"elementor-widget-container\">\n\t\t\t\t\t\t\t<div class=\"elementor-custom-embed\">\n\t\t\t<iframe loading=\"lazy\"\n\t\t\t\t\tsrc=\"https:\/\/maps.google.com\/maps?q=bogot%C3%A1%2C%20gm%C3%B3vil%2C%20patio%20troncal&#038;t=m&#038;z=14&#038;output=embed&#038;iwloc=near\"\n\t\t\t\t\ttitle=\"bogot\u00e1, gm\u00f3vil, patio troncal\"\n\t\t\t\t\taria-label=\"bogot\u00e1, gm\u00f3vil, patio troncal\"\n\t\t\t><\/iframe>\n\t\t<\/div>\n\t\t\t\t\t\t<\/div>\n\t\t\t\t<\/div>\n\t\t<div class=\"elementor-element elementor-element-740e5c8 e-flex e-con-boxed e-con e-child\" data-id=\"740e5c8\" data-element_type=\"container\">\n\t\t\t\t\t<div class=\"e-con-inner\">\n\t\t\t\t<div class=\"elementor-element elementor-element-d7ad674 elementor-widget__width-inherit elementor-widget elementor-widget-text-editor\" data-id=\"d7ad674\" data-element_type=\"widget\" data-widget_type=\"text-editor.default\">\n\t\t\t\t<div class=\"elementor-widget-container\">\n\t\t\t\t\t\t\t\t\t<h6 style=\"text-align: left;\"><strong><span style=\"color: #545859;\">Patio Troncal<\/span><\/strong><\/h6><hr \/><h6><em><span style=\"color: #ff6300;\">Transversal 94 #24 98, Bogot\u00e1.<\/span><\/em><\/h6>\t\t\t\t\t\t\t\t<\/div>\n\t\t\t\t<\/div>\n\t\t\t\t\t<\/div>\n\t\t\t\t<\/div>\n\t\t\t\t<\/div>\n\t\t<div class=\"elementor-element elementor-element-93dd7c0 e-con-full e-flex e-con e-child\" data-id=\"93dd7c0\" data-element_type=\"container\">\n\t\t\t\t<div class=\"elementor-element elementor-element-333a614 elementor-widget elementor-widget-google_maps\" data-id=\"333a614\" data-element_type=\"widget\" data-widget_type=\"google_maps.default\">\n\t\t\t\t<div class=\"elementor-widget-container\">\n\t\t\t\t\t\t\t<div class=\"elementor-custom-embed\">\n\t\t\t<iframe loading=\"lazy\"\n\t\t\t\t\tsrc=\"https:\/\/maps.google.com\/maps?q=bogot%C3%A1%2C%20gm%C3%B3vil%2C%20patio%20tintal&#038;t=m&#038;z=14&#038;output=embed&#038;iwloc=near\"\n\t\t\t\t\ttitle=\"bogot\u00e1, gm\u00f3vil, patio tintal\"\n\t\t\t\t\taria-label=\"bogot\u00e1, gm\u00f3vil, patio tintal\"\n\t\t\t><\/iframe>\n\t\t<\/div>\n\t\t\t\t\t\t<\/div>\n\t\t\t\t<\/div>\n\t\t<div class=\"elementor-element elementor-element-e0d1228 e-flex e-con-boxed e-con e-child\" data-id=\"e0d1228\" data-element_type=\"container\">\n\t\t\t\t\t<div class=\"e-con-inner\">\n\t\t\t\t<div class=\"elementor-element elementor-element-98d4009 elementor-widget__width-inherit elementor-widget elementor-widget-text-editor\" data-id=\"98d4009\" data-element_type=\"widget\" data-widget_type=\"text-editor.default\">\n\t\t\t\t<div class=\"elementor-widget-container\">\n\t\t\t\t\t\t\t\t\t<h6><strong><span style=\"color: #545859;\">Patio Tintal<\/span><\/strong><\/h6><hr \/><h6><span style=\"color: #ff6300;\"><i>AV. Carrera 86 #13C &#8211; 51<\/i><\/span><em><span style=\"color: #ff6300;\">, Bogot\u00e1.<\/span><\/em><\/h6>\t\t\t\t\t\t\t\t<\/div>\n\t\t\t\t<\/div>\n\t\t\t\t\t<\/div>\n\t\t\t\t<\/div>\n\t\t\t\t<\/div>\n\t\t<div class=\"elementor-element elementor-element-bfbb4eb e-con-full e-flex e-con e-child\" data-id=\"bfbb4eb\" data-element_type=\"container\">\n\t\t\t\t<div class=\"elementor-element elementor-element-03629ce elementor-widget elementor-widget-google_maps\" data-id=\"03629ce\" data-element_type=\"widget\" data-widget_type=\"google_maps.default\">\n\t\t\t\t<div class=\"elementor-widget-container\">\n\t\t\t\t\t\t\t<div class=\"elementor-custom-embed\">\n\t\t\t<iframe loading=\"lazy\"\n\t\t\t\t\tsrc=\"https:\/\/maps.google.com\/maps?q=bogot%C3%A1%2C%20gm%C3%B3vil%2C%20patio%20verbena&#038;t=m&#038;z=14&#038;output=embed&#038;iwloc=near\"\n\t\t\t\t\ttitle=\"bogot\u00e1, gm\u00f3vil, patio verbena\"\n\t\t\t\t\taria-label=\"bogot\u00e1, gm\u00f3vil, patio verbena\"\n\t\t\t><\/iframe>\n\t\t<\/div>\n\t\t\t\t\t\t<\/div>\n\t\t\t\t<\/div>\n\t\t<div class=\"elementor-element elementor-element-6f652da e-flex e-con-boxed e-con e-child\" data-id=\"6f652da\" data-element_type=\"container\">\n\t\t\t\t\t<div class=\"e-con-inner\">\n\t\t\t\t<div class=\"elementor-element elementor-element-deee156 elementor-widget__width-inherit elementor-widget elementor-widget-text-editor\" data-id=\"deee156\" data-element_type=\"widget\" data-widget_type=\"text-editor.default\">\n\t\t\t\t<div class=\"elementor-widget-container\">\n\t\t\t\t\t\t\t\t\t<h6><strong><span style=\"color: #545859;\">Patio Verbena<\/span><\/strong><\/h6><hr \/><h6><span style=\"color: #ff6300;\"><i>Cra. 120b # 66 a 2, Bogot\u00e1.<\/i><\/span><\/h6>\t\t\t\t\t\t\t\t<\/div>\n\t\t\t\t<\/div>\n\t\t\t\t\t<\/div>\n\t\t\t\t<\/div>\n\t\t\t\t<\/div>\n\t\t<div class=\"elementor-element elementor-element-8505f4e e-con-full e-flex e-con e-child\" data-id=\"8505f4e\" data-element_type=\"container\">\n\t\t\t\t<div class=\"elementor-element elementor-element-1c19484 elementor-widget elementor-widget-google_maps\" data-id=\"1c19484\" data-element_type=\"widget\" data-widget_type=\"google_maps.default\">\n\t\t\t\t<div class=\"elementor-widget-container\">\n\t\t\t\t\t\t\t<div class=\"elementor-custom-embed\">\n\t\t\t<iframe loading=\"lazy\"\n\t\t\t\t\tsrc=\"https:\/\/maps.google.com\/maps?q=bogot%C3%A1%2C%20gm%C3%B3vil%2C%20patio%20La%20Y&#038;t=m&#038;z=14&#038;output=embed&#038;iwloc=near\"\n\t\t\t\t\ttitle=\"bogot\u00e1, gm\u00f3vil, patio La Y\"\n\t\t\t\t\taria-label=\"bogot\u00e1, gm\u00f3vil, patio La Y\"\n\t\t\t><\/iframe>\n\t\t<\/div>\n\t\t\t\t\t\t<\/div>\n\t\t\t\t<\/div>\n\t\t<div class=\"elementor-element elementor-element-243da37 e-flex e-con-boxed e-con e-child\" data-id=\"243da37\" data-element_type=\"container\">\n\t\t\t\t\t<div class=\"e-con-inner\">\n\t\t\t\t<div class=\"elementor-element elementor-element-ae91ef2 elementor-widget__width-inherit elementor-widget elementor-widget-text-editor\" data-id=\"ae91ef2\" data-element_type=\"widget\" data-widget_type=\"text-editor.default\">\n\t\t\t\t<div class=\"elementor-widget-container\">\n\t\t\t\t\t\t\t\t\t<h6><strong><span style=\"color: #545859;\">Patio La Y<\/span><\/strong><\/h6><hr \/><h6><span style=\"color: #ff6300;\"><i>Cll 17 bis #46, Bogot\u00e1.<\/i><\/span><\/h6>\t\t\t\t\t\t\t\t<\/div>\n\t\t\t\t<\/div>\n\t\t\t\t\t<\/div>\n\t\t\t\t<\/div>\n\t\t\t\t<\/div>\n\t\t\t\t\t<\/div>\n\t\t\t\t<\/div>\n\t\t<div class=\"elementor-element elementor-element-56f4a61 e-con-full e-flex e-con e-parent\" data-id=\"56f4a61\" data-element_type=\"container\">\n\t\t\t\t<div class=\"elementor-element elementor-element-190967f elementor-widget elementor-widget-text-editor\" data-id=\"190967f\" data-element_type=\"widget\" data-widget_type=\"text-editor.default\">\n\t\t\t\t<div class=\"elementor-widget-container\">\n\t\t\t\t\t\t\t\t\t<p style=\"text-align: center;\"><span><span style=\"color: #000000;\">Nuestros<\/span> Buses<\/span><\/p>\t\t\t\t\t\t\t\t<\/div>\n\t\t\t\t<\/div>\n\t\t\t\t<\/div>\n\t\t<div class=\"elementor-element elementor-element-27bf4a4 e-con-full e-flex e-con e-parent\" data-id=\"27bf4a4\" data-element_type=\"container\">\n\t\t<div class=\"elementor-element elementor-element-12ed71b e-con-full e-flex e-con e-child\" data-id=\"12ed71b\" data-element_type=\"container\">\n\t\t<div class=\"elementor-element elementor-element-99748a9 e-con-full e-flex e-con e-child\" data-id=\"99748a9\" data-element_type=\"container\">\n\t\t<div class=\"elementor-element elementor-element-a14ad85 e-con-full e-flex e-con e-child\" data-id=\"a14ad85\" data-element_type=\"container\">\n\t\t<div class=\"elementor-element elementor-element-b78b1f1 e-con-full e-flex e-con e-child\" data-id=\"b78b1f1\" data-element_type=\"container\" data-settings=\"{&quot;background_background&quot;:&quot;slideshow&quot;,&quot;background_slideshow_gallery&quot;:[{&quot;id&quot;:1182,&quot;url&quot;:&quot;https:\\\/\\\/gmovilsas.com.co\\\/wp-content\\\/uploads\\\/2024\\\/11\\\/zonal-01.jpg&quot;},{&quot;id&quot;:1183,&quot;url&quot;:&quot;https:\\\/\\\/gmovilsas.com.co\\\/wp-content\\\/uploads\\\/2024\\\/11\\\/zonal-02.jpg&quot;},{&quot;id&quot;:1184,&quot;url&quot;:&quot;https:\\\/\\\/gmovilsas.com.co\\\/wp-content\\\/uploads\\\/2024\\\/11\\\/zonal-03.jpg&quot;},{&quot;id&quot;:1185,&quot;url&quot;:&quot;https:\\\/\\\/gmovilsas.com.co\\\/wp-content\\\/uploads\\\/2024\\\/11\\\/zonal-04.jpg&quot;}],&quot;background_slideshow_loop&quot;:&quot;yes&quot;,&quot;background_slideshow_slide_duration&quot;:5000,&quot;background_slideshow_slide_transition&quot;:&quot;fade&quot;,&quot;background_slideshow_transition_duration&quot;:500}\">\n\t\t\t\t<\/div>\n\t\t<div class=\"elementor-element elementor-element-a0b8996 e-con-full e-flex e-con e-child\" data-id=\"a0b8996\" data-element_type=\"container\">\n\t\t\t\t<div class=\"elementor-element elementor-element-6bd16af elementor-widget elementor-widget-heading\" data-id=\"6bd16af\" data-element_type=\"widget\" data-widget_type=\"heading.default\">\n\t\t\t\t<div class=\"elementor-widget-container\">\n\t\t\t\t\t<h2 class=\"elementor-heading-title elementor-size-default\">Tipolog\u00eda<\/h2>\t\t\t\t<\/div>\n\t\t\t\t<\/div>\n\t\t\t\t<div class=\"elementor-element elementor-element-303207f elementor-widget elementor-widget-heading\" data-id=\"303207f\" data-element_type=\"widget\" data-widget_type=\"heading.default\">\n\t\t\t\t<div class=\"elementor-widget-container\">\n\t\t\t\t\t<h2 class=\"elementor-heading-title elementor-size-default\">Padr\u00f3n Bus Zonal<\/h2>\t\t\t\t<\/div>\n\t\t\t\t<\/div>\n\t\t\t\t<\/div>\n\t\t\t\t<\/div>\n\t\t<div class=\"elementor-element elementor-element-7d208a4 e-con-full e-flex e-con e-child\" data-id=\"7d208a4\" data-element_type=\"container\">\n\t\t<div class=\"elementor-element elementor-element-638f6a5 e-con-full e-flex e-con e-child\" data-id=\"638f6a5\" data-element_type=\"container\" data-settings=\"{&quot;background_background&quot;:&quot;slideshow&quot;,&quot;background_slideshow_gallery&quot;:[{&quot;id&quot;:1179,&quot;url&quot;:&quot;https:\\\/\\\/gmovilsas.com.co\\\/wp-content\\\/uploads\\\/2024\\\/11\\\/f-1-01-3.jpg&quot;},{&quot;id&quot;:1180,&quot;url&quot;:&quot;https:\\\/\\\/gmovilsas.com.co\\\/wp-content\\\/uploads\\\/2024\\\/11\\\/f-1-02-3.jpg&quot;},{&quot;id&quot;:1181,&quot;url&quot;:&quot;https:\\\/\\\/gmovilsas.com.co\\\/wp-content\\\/uploads\\\/2024\\\/11\\\/f-1-03-3.jpg&quot;}],&quot;background_slideshow_slide_duration&quot;:6000,&quot;background_slideshow_loop&quot;:&quot;yes&quot;,&quot;background_slideshow_slide_transition&quot;:&quot;fade&quot;,&quot;background_slideshow_transition_duration&quot;:500}\">\n\t\t\t\t<\/div>\n\t\t<div class=\"elementor-element elementor-element-06039e3 e-con-full e-flex e-con e-child\" data-id=\"06039e3\" data-element_type=\"container\">\n\t\t\t\t<div class=\"elementor-element elementor-element-ac306f9 elementor-widget elementor-widget-heading\" data-id=\"ac306f9\" data-element_type=\"widget\" data-widget_type=\"heading.default\">\n\t\t\t\t<div class=\"elementor-widget-container\">\n\t\t\t\t\t<h2 class=\"elementor-heading-title elementor-size-default\">Tipolog\u00eda<\/h2>\t\t\t\t<\/div>\n\t\t\t\t<\/div>\n\t\t\t\t<div class=\"elementor-element elementor-element-2f83150 elementor-widget elementor-widget-heading\" data-id=\"2f83150\" data-element_type=\"widget\" data-widget_type=\"heading.default\">\n\t\t\t\t<div class=\"elementor-widget-container\">\n\t\t\t\t\t<h2 class=\"elementor-heading-title elementor-size-default\">Padr\u00f3n Alimentador<\/h2>\t\t\t\t<\/div>\n\t\t\t\t<\/div>\n\t\t\t\t<\/div>\n\t\t\t\t<\/div>\n\t\t<div class=\"elementor-element elementor-element-6b2e13d e-con-full e-flex e-con e-child\" data-id=\"6b2e13d\" data-element_type=\"container\">\n\t\t<div class=\"elementor-element elementor-element-72809a6 e-flex e-con-boxed e-con e-child\" data-id=\"72809a6\" data-element_type=\"container\" data-settings=\"{&quot;background_background&quot;:&quot;slideshow&quot;,&quot;background_slideshow_gallery&quot;:[{&quot;id&quot;:1186,&quot;url&quot;:&quot;https:\\\/\\\/gmovilsas.com.co\\\/wp-content\\\/uploads\\\/2024\\\/11\\\/hibrido-01.jpg&quot;},{&quot;id&quot;:1187,&quot;url&quot;:&quot;https:\\\/\\\/gmovilsas.com.co\\\/wp-content\\\/uploads\\\/2024\\\/11\\\/hibrido-02.jpg&quot;},{&quot;id&quot;:1188,&quot;url&quot;:&quot;https:\\\/\\\/gmovilsas.com.co\\\/wp-content\\\/uploads\\\/2024\\\/11\\\/hibrido-03.jpg&quot;}],&quot;background_slideshow_slide_duration&quot;:7000,&quot;background_slideshow_loop&quot;:&quot;yes&quot;,&quot;background_slideshow_slide_transition&quot;:&quot;fade&quot;,&quot;background_slideshow_transition_duration&quot;:500}\">\n\t\t\t\t\t<div class=\"e-con-inner\">\n\t\t\t\t\t<\/div>\n\t\t\t\t<\/div>\n\t\t<div class=\"elementor-element elementor-element-e4df9df e-con-full e-flex e-con e-child\" data-id=\"e4df9df\" data-element_type=\"container\">\n\t\t\t\t<div class=\"elementor-element elementor-element-37e4794 elementor-widget elementor-widget-heading\" data-id=\"37e4794\" data-element_type=\"widget\" data-widget_type=\"heading.default\">\n\t\t\t\t<div class=\"elementor-widget-container\">\n\t\t\t\t\t<h2 class=\"elementor-heading-title elementor-size-default\">Tipolog\u00eda<\/h2>\t\t\t\t<\/div>\n\t\t\t\t<\/div>\n\t\t\t\t<div class=\"elementor-element elementor-element-413ca52 elementor-widget elementor-widget-heading\" data-id=\"413ca52\" data-element_type=\"widget\" data-widget_type=\"heading.default\">\n\t\t\t\t<div class=\"elementor-widget-container\">\n\t\t\t\t\t<h2 class=\"elementor-heading-title elementor-size-default\">Padr\u00f3n H\u00edbrido Dual<\/h2>\t\t\t\t<\/div>\n\t\t\t\t<\/div>\n\t\t\t\t<\/div>\n\t\t\t\t<\/div>\n\t\t<div class=\"elementor-element elementor-element-26d428a e-con-full e-flex e-con e-child\" data-id=\"26d428a\" data-element_type=\"container\">\n\t\t<div class=\"elementor-element elementor-element-35d482a e-con-full e-flex e-con e-child\" data-id=\"35d482a\" data-element_type=\"container\" data-settings=\"{&quot;background_background&quot;:&quot;slideshow&quot;,&quot;background_slideshow_gallery&quot;:[{&quot;id&quot;:2277,&quot;url&quot;:&quot;https:\\\/\\\/gmovilsas.com.co\\\/wp-content\\\/uploads\\\/2025\\\/02\\\/WhatsApp-Image-2025-02-21-at-12.44.28-PM.jpeg&quot;},{&quot;id&quot;:2278,&quot;url&quot;:&quot;https:\\\/\\\/gmovilsas.com.co\\\/wp-content\\\/uploads\\\/2025\\\/02\\\/WhatsApp-Image-2025-02-21-at-12.44.56-PM.jpeg&quot;},{&quot;id&quot;:2279,&quot;url&quot;:&quot;https:\\\/\\\/gmovilsas.com.co\\\/wp-content\\\/uploads\\\/2025\\\/02\\\/WhatsApp-Image-2025-02-21-at-12.45.14-PM.jpeg&quot;}],&quot;background_slideshow_slide_duration&quot;:8000,&quot;background_slideshow_loop&quot;:&quot;yes&quot;,&quot;background_slideshow_slide_transition&quot;:&quot;fade&quot;,&quot;background_slideshow_transition_duration&quot;:500}\">\n\t\t\t\t<\/div>\n\t\t<div class=\"elementor-element elementor-element-6629a2e e-con-full e-flex e-con e-child\" data-id=\"6629a2e\" data-element_type=\"container\">\n\t\t\t\t<div class=\"elementor-element elementor-element-521bea0 elementor-widget elementor-widget-heading\" data-id=\"521bea0\" data-element_type=\"widget\" data-widget_type=\"heading.default\">\n\t\t\t\t<div class=\"elementor-widget-container\">\n\t\t\t\t\t<h2 class=\"elementor-heading-title elementor-size-default\">Tipolog\u00eda<\/h2>\t\t\t\t<\/div>\n\t\t\t\t<\/div>\n\t\t\t\t<div class=\"elementor-element elementor-element-04e0346 elementor-widget elementor-widget-heading\" data-id=\"04e0346\" data-element_type=\"widget\" data-widget_type=\"heading.default\">\n\t\t\t\t<div class=\"elementor-widget-container\">\n\t\t\t\t\t<h2 class=\"elementor-heading-title elementor-size-default\">Bus Articulado<\/h2>\t\t\t\t<\/div>\n\t\t\t\t<\/div>\n\t\t\t\t<\/div>\n\t\t\t\t<\/div>\n\t\t<div class=\"elementor-element elementor-element-dd7bb11 e-con-full e-flex e-con e-child\" data-id=\"dd7bb11\" data-element_type=\"container\">\n\t\t<div class=\"elementor-element elementor-element-c93ede2 e-con-full e-flex e-con e-child\" data-id=\"c93ede2\" data-element_type=\"container\" data-settings=\"{&quot;background_background&quot;:&quot;slideshow&quot;,&quot;background_slideshow_gallery&quot;:[{&quot;id&quot;:1189,&quot;url&quot;:&quot;https:\\\/\\\/gmovilsas.com.co\\\/wp-content\\\/uploads\\\/2024\\\/11\\\/biarticulado-01.jpg&quot;},{&quot;id&quot;:1190,&quot;url&quot;:&quot;https:\\\/\\\/gmovilsas.com.co\\\/wp-content\\\/uploads\\\/2024\\\/11\\\/biarticulado-02.jpg&quot;},{&quot;id&quot;:1191,&quot;url&quot;:&quot;https:\\\/\\\/gmovilsas.com.co\\\/wp-content\\\/uploads\\\/2024\\\/11\\\/biarticulado-03.jpg&quot;}],&quot;background_slideshow_slide_duration&quot;:9000,&quot;background_slideshow_loop&quot;:&quot;yes&quot;,&quot;background_slideshow_slide_transition&quot;:&quot;fade&quot;,&quot;background_slideshow_transition_duration&quot;:500}\">\n\t\t\t\t<\/div>\n\t\t<div class=\"elementor-element elementor-element-6185c4e e-con-full e-flex e-con e-child\" data-id=\"6185c4e\" data-element_type=\"container\">\n\t\t\t\t<div class=\"elementor-element elementor-element-701fc3b elementor-widget elementor-widget-heading\" data-id=\"701fc3b\" data-element_type=\"widget\" data-widget_type=\"heading.default\">\n\t\t\t\t<div class=\"elementor-widget-container\">\n\t\t\t\t\t<h2 class=\"elementor-heading-title elementor-size-default\">Tipolog\u00eda<\/h2>\t\t\t\t<\/div>\n\t\t\t\t<\/div>\n\t\t\t\t<div class=\"elementor-element elementor-element-efde79f elementor-widget elementor-widget-heading\" data-id=\"efde79f\" data-element_type=\"widget\" data-widget_type=\"heading.default\">\n\t\t\t\t<div class=\"elementor-widget-container\">\n\t\t\t\t\t<h2 class=\"elementor-heading-title elementor-size-default\">Bus Biarticulado<\/h2>\t\t\t\t<\/div>\n\t\t\t\t<\/div>\n\t\t\t\t<\/div>\n\t\t\t\t<\/div>\n\t\t\t\t<\/div>\n\t\t\t\t<\/div>\n\t\t\t\t<\/div>\n\t\t<div class=\"elementor-element elementor-element-9a9d153 e-con-full e-flex e-con e-parent\" data-id=\"9a9d153\" data-element_type=\"container\">\n\t\t<div class=\"elementor-element elementor-element-39ef371 e-con-full e-flex e-con e-child\" data-id=\"39ef371\" data-element_type=\"container\">\n\t\t\t\t<div class=\"elementor-element elementor-element-e551fb1 elementor-widget elementor-widget-image\" data-id=\"e551fb1\" data-element_type=\"widget\" data-widget_type=\"image.default\">\n\t\t\t\t<div class=\"elementor-widget-container\">\n\t\t\t\t\t\t\t\t\t\t\t\t\t\t\t<img decoding=\"async\" width=\"800\" height=\"770\" src=\"https:\/\/gmovilsas.com.co\/wp-content\/uploads\/2024\/10\/CULTURA-12.png\" class=\"attachment-large size-large wp-image-1043\" alt=\"\" \/>\t\t\t\t\t\t\t\t\t\t\t\t\t\t\t<\/div>\n\t\t\t\t<\/div>\n\t\t\t\t<\/div>\n\t\t<div class=\"elementor-element elementor-element-791d7f7 e-con-full elementor-hidden-mobile e-flex e-con e-child\" data-id=\"791d7f7\" data-element_type=\"container\">\n\t\t\t\t<div class=\"elementor-element elementor-element-d31fd05 elementor-widget elementor-widget-text-editor\" data-id=\"d31fd05\" data-element_type=\"widget\" data-widget_type=\"text-editor.default\">\n\t\t\t\t<div class=\"elementor-widget-container\">\n\t\t\t\t\t\t\t\t\t<p><b>\u00a1En<\/b> <span style=\"color: #97d700;\">Gm\u00f3vil<\/span>, <span style=\"color: #ff6300;\">somos gente<\/span> que <span style=\"color: #44bcff;\">mueve gente!<\/span><\/p>\t\t\t\t\t\t\t\t<\/div>\n\t\t\t\t<\/div>\n\t\t\t\t<\/div>\n\t\t<div class=\"elementor-element elementor-element-b47d402 e-con-full e-flex e-con e-child\" data-id=\"b47d402\" data-element_type=\"container\">\n\t\t\t\t<div class=\"elementor-element elementor-element-0c37717 elementor-hidden-desktop elementor-hidden-tablet elementor-widget elementor-widget-text-editor\" data-id=\"0c37717\" data-element_type=\"widget\" data-widget_type=\"text-editor.default\">\n\t\t\t\t<div class=\"elementor-widget-container\">\n\t\t\t\t\t\t\t\t\t<p><b>\u00a1En<\/b> <span style=\"color: #97d700;\">Gm\u00f3vil<\/span>, <span style=\"color: #ff6300;\">somos gente<\/span> que <span style=\"color: #44bcff;\">mueve gente!<\/span><\/p>\t\t\t\t\t\t\t\t<\/div>\n\t\t\t\t<\/div>\n\t\t\t\t<\/div>\n\t\t\t\t<\/div>\n\t\t\t\t<\/div>\n\t\t","protected":false},"excerpt":{"rendered":"<p>\u00bfSabes donde est\u00e1n ubicadas\u00a0nuestras instalaciones? En Gm\u00f3vil, operamos desde cuatro patios estrat\u00e9gicamente ubicados en las localidades de Engativ\u00e1 y Fontib\u00f3n. Tres de ellos son patios zonales, mientras que el Patio Troncal se encarga de coordinar las rutas principales de la troncal. A continuaci\u00f3n, te invitamos a conocer la ubicaci\u00f3n de cada uno de nuestros patios. [&hellip;]<\/p>\n","protected":false},"author":2,"featured_media":0,"parent":0,"menu_order":0,"comment_status":"closed","ping_status":"closed","template":"","meta":{"footnotes":""},"class_list":["post-736","page","type-page","status-publish","hentry"],"_links":{"self":[{"href":"https:\/\/gmovilsas.com.co\/index.php\/wp-json\/wp\/v2\/pages\/736","targetHints":{"allow":["GET"]}}],"collection":[{"href":"https:\/\/gmovilsas.com.co\/index.php\/wp-json\/wp\/v2\/pages"}],"about":[{"href":"https:\/\/gmovilsas.com.co\/index.php\/wp-json\/wp\/v2\/types\/page"}],"author":[{"embeddable":true,"href":"https:\/\/gmovilsas.com.co\/index.php\/wp-json\/wp\/v2\/users\/2"}],"replies":[{"embeddable":true,"href":"https:\/\/gmovilsas.com.co\/index.php\/wp-json\/wp\/v2\/comments?post=736"}],"version-history":[{"count":139,"href":"https:\/\/gmovilsas.com.co\/index.php\/wp-json\/wp\/v2\/pages\/736\/revisions"}],"predecessor-version":[{"id":2309,"href":"https:\/\/gmovilsas.com.co\/index.php\/wp-json\/wp\/v2\/pages\/736\/revisions\/2309"}],"wp:attachment":[{"href":"https:\/\/gmovilsas.com.co\/index.php\/wp-json\/wp\/v2\/media?parent=736"}],"curies":[{"name":"wp","href":"https:\/\/api.w.org\/{rel}","templated":true}]}}